	



	{"id":26,"date":"2022-11-15T08:44:56","date_gmt":"2022-11-15T07:44:56","guid":{"rendered":"https:\/\/kitbase.webs.fococonsultores.es\/?page_id=26"},"modified":"2025-04-10T11:42:04","modified_gmt":"2025-04-10T10:42:04","slug":"ubicacion","status":"publish","type":"page","link":"https:\/\/ebenlloc1.es\/index.php\/ubicacion\/","title":{"rendered":"Ubicaci\u00f3n"},"content":{"rendered":"\n<div style=\"height:4vh\" aria-hidden=\"true\" class=\"wp-block-spacer\"><\/div>\n\n\n<div class=\"yoast-breadcrumbs\"><span><span><a href=\"https:\/\/ebenlloc1.es\/\">Portada<\/a> \u00bb <span class=\"breadcrumb_last\" aria-current=\"page\">Ubicaci\u00f3n<\/span><\/span><\/span><\/div>\n\n\n<div class=\"wp-block-cover alignfull is-light\"><span aria-hidden=\"true\" class=\"wp-block-cover__background has-white-background-color has-background-dim-100 has-background-dim\"><\/span><div class=\"wp-block-cover__inner-container\">\n<div style=\"height:50px\" aria-hidden=\"true\" class=\"wp-block-spacer\"><\/div>\n\n\n\n<div class=\"is-layout-flex wp-container-6 wp-block-columns\">\n<div class=\"is-layout-flow wp-block-column\" style=\"flex-basis:3.5%\"><\/div>\n\n\n\n<div class=\"is-layout-flow wp-block-column is-vertically-aligned-center\" style=\"flex-basis:33%\">\n<h1 class=\"alignwide has-large-font-size\">Ubicaci\u00f3n<\/h1>\n\n\n\n<div style=\"height:30px\" aria-hidden=\"true\" class=\"wp-block-spacer\"><\/div>\n\n\n\n<h2><strong>ESTANC DE BENLLOC<\/strong><\/h2>\n\n\n\n<p>PLAZA SAN ANTONIO, 21<\/p>\n\n\n\n<p>CP 12181 BENLLOC (CASTELL\u00d3N)<\/p>\n\n\n\n<p><a href=\"mailto:estancbenlloc21@gmail.com\">estancbenlloc21@gmail.com<\/a><\/p>\n\n\n\n<p><a href=\"tel:+34691174478\">+34 691174478<\/a><\/p>\n\n\n\n<div class=\"is-content-justification-right is-layout-flex wp-container-2 wp-block-buttons\">\n<div class=\"wp-block-button is-style-fill\"><a class=\"wp-block-button__link has-text-color has-background wp-element-button\" href=\"https:\/\/www.google.com\/maps\/place\/Estanc+Benlloc\/@40.21006,0.0263993,19.08z\/data=!4m6!3m5!1s0x12a009a2be1eb917:0x61662671ffa5a3ad!8m2!3d40.2104295!4d0.0266602!16s%2Fg%2F11pkcsqd62?entry=ttu&amp;g_ep=EgoyMDI1MDQwMi4xIKXMDSoASAFQAw%3D%3D\" style=\"border-radius:6px;color:#111111;background-color:#ff8607\" target=\"_blank\" rel=\"noreferrer noopener\">C\u00f3mo llegar<\/a><\/div>\n<\/div>\n<\/div>\n\n\n\n<div class=\"is-layout-flow wp-block-column\" style=\"flex-basis:3.5%\"><\/div>\n\n\n\n<div class=\"is-layout-flow wp-block-column\" style=\"flex-basis:60%\"><\/div>\n<\/div>\n<\/div><\/div>\n","protected":false},"excerpt":{"rendered":"","protected":false},"author":2,"featured_media":0,"parent":0,"menu_order":0,"comment_status":"closed","ping_status":"closed","template":"","meta":{"_mi_skip_tracking":false},"yoast_head":"<!-- This site is optimized with the Yoast SEO plugin v19.10 - https:\/\/yoast.com\/wordpress\/plugins\/seo\/ -->\n<title>Ubicaci\u00f3n - ESTANC DE BENLLOC<\/title>\n<meta name=\"description\" content=\"Ubicaci\u00f3n de ESTANC DE BENLLOC en DIRECCION PLAZA SAN ANTONIO, 21CP 12181 BENLLOC (CASTELL\u00d3N) y con TEL\u00c9FONO +34 691174478\" \/>\n<meta name=\"robots\" content=\"index, follow, max-snippet:-1, max-image-preview:large, max-video-preview:-1\" \/>\n<link rel=\"canonical\" href=\"https:\/\/ebenlloc1.es\/index.php\/ubicacion\/\" \/>\n<meta property=\"og:locale\" content=\"es_ES\" \/>\n<meta property=\"og:type\" content=\"article\" \/>\n<meta property=\"og:title\" content=\"Ubicaci\u00f3n - ESTANC DE BENLLOC\" \/>\n<meta property=\"og:description\" content=\"Ubicaci\u00f3n de ESTANC DE BENLLOC en DIRECCION PLAZA SAN ANTONIO, 21CP 12181 BENLLOC (CASTELL\u00d3N) y con TEL\u00c9FONO +34 691174478\" \/>\n<meta property=\"og:url\" content=\"https:\/\/ebenlloc1.es\/index.php\/ubicacion\/\" \/>\n<meta property=\"og:site_name\" content=\"ESTANC DE BENLLOC\" \/>\n<meta property=\"article:modified_time\" content=\"2025-04-10T10:42:04+00:00\" \/>\n<meta name=\"twitter:card\" content=\"summary_large_image\" \/>\n<meta name=\"twitter:label1\" content=\"Tiempo de lectura\" \/>\n\t<meta name=\"twitter:data1\" content=\"1 minuto\" \/>\n<script type=\"application\/ld+json\" class=\"yoast-schema-graph\">{\"@context\":\"https:\/\/schema.org\",\"@graph\":[{\"@type\":\"WebPage\",\"@id\":\"https:\/\/ebenlloc1.es\/index.php\/ubicacion\/\",\"url\":\"https:\/\/ebenlloc1.es\/index.php\/ubicacion\/\",\"name\":\"Ubicaci\u00f3n - ESTANC DE BENLLOC\",\"isPartOf\":{\"@id\":\"https:\/\/ebenlloc1.es\/#website\"},\"datePublished\":\"2022-11-15T07:44:56+00:00\",\"dateModified\":\"2025-04-10T10:42:04+00:00\",\"description\":\"Ubicaci\u00f3n de ESTANC DE BENLLOC en DIRECCION PLAZA SAN ANTONIO, 21CP 12181 BENLLOC (CASTELL\u00d3N) y con TEL\u00c9FONO +34 691174478\",\"breadcrumb\":{\"@id\":\"https:\/\/ebenlloc1.es\/index.php\/ubicacion\/#breadcrumb\"},\"inLanguage\":\"es\",\"potentialAction\":[{\"@type\":\"ReadAction\",\"target\":[\"https:\/\/ebenlloc1.es\/index.php\/ubicacion\/\"]}]},{\"@type\":\"BreadcrumbList\",\"@id\":\"https:\/\/ebenlloc1.es\/index.php\/ubicacion\/#breadcrumb\",\"itemListElement\":[{\"@type\":\"ListItem\",\"position\":1,\"name\":\"Portada\",\"item\":\"https:\/\/ebenlloc1.es\/\"},{\"@type\":\"ListItem\",\"position\":2,\"name\":\"Ubicaci\u00f3n\"}]},{\"@type\":\"WebSite\",\"@id\":\"https:\/\/ebenlloc1.es\/#website\",\"url\":\"https:\/\/ebenlloc1.es\/\",\"name\":\"ESTANC DE BENLLOC\",\"description\":\"Estanc de Benlloc es un estanco con una amplia variedad de productos\",\"publisher\":{\"@id\":\"https:\/\/ebenlloc1.es\/#organization\"},\"potentialAction\":[{\"@type\":\"SearchAction\",\"target\":{\"@type\":\"EntryPoint\",\"urlTemplate\":\"https:\/\/ebenlloc1.es\/?s={search_term_string}\"},\"query-input\":\"required name=search_term_string\"}],\"inLanguage\":\"es\"},{\"@type\":\"Organization\",\"@id\":\"https:\/\/ebenlloc1.es\/#organization\",\"name\":\"ESTANC DE BENLLOC\",\"url\":\"https:\/\/ebenlloc1.es\/\",\"logo\":{\"@type\":\"ImageObject\",\"inLanguage\":\"es\",\"@id\":\"https:\/\/ebenlloc1.es\/#\/schema\/logo\/image\/\",\"url\":\"https:\/\/ebenlloc1.es\/wp-content\/uploads\/sites\/57\/2025\/04\/logo-recortar.png\",\"contentUrl\":\"https:\/\/ebenlloc1.es\/wp-content\/uploads\/sites\/57\/2025\/04\/logo-recortar.png\",\"width\":200,\"height\":200,\"caption\":\"ESTANC DE BENLLOC\"},\"image\":{\"@id\":\"https:\/\/ebenlloc1.es\/#\/schema\/logo\/image\/\"},\"sameAs\":[\"https:\/\/www.instagram.com\/ebenlloc1\/\"]}]}<\/script>\n<!-- \/ Yoast SEO plugin. -->","yoast_head_json":{"title":"Ubicaci\u00f3n - ESTANC DE BENLLOC","description":"Ubicaci\u00f3n de ESTANC DE BENLLOC en DIRECCION PLAZA SAN ANTONIO, 21CP 12181 BENLLOC (CASTELL\u00d3N) y con TEL\u00c9FONO +34 691174478","robots":{"index":"index","follow":"follow","max-snippet":"max-snippet:-1","max-image-preview":"max-image-preview:large","max-video-preview":"max-video-preview:-1"},"canonical":"https:\/\/ebenlloc1.es\/index.php\/ubicacion\/","og_locale":"es_ES","og_type":"article","og_title":"Ubicaci\u00f3n - ESTANC DE BENLLOC","og_description":"Ubicaci\u00f3n de ESTANC DE BENLLOC en DIRECCION PLAZA SAN ANTONIO, 21CP 12181 BENLLOC (CASTELL\u00d3N) y con TEL\u00c9FONO +34 691174478","og_url":"https:\/\/ebenlloc1.es\/index.php\/ubicacion\/","og_site_name":"ESTANC DE BENLLOC","article_modified_time":"2025-04-10T10:42:04+00:00","twitter_card":"summary_large_image","twitter_misc":{"Tiempo de lectura":"1 minuto"},"schema":{"@context":"https:\/\/schema.org","@graph":[{"@type":"WebPage","@id":"https:\/\/ebenlloc1.es\/index.php\/ubicacion\/","url":"https:\/\/ebenlloc1.es\/index.php\/ubicacion\/","name":"Ubicaci\u00f3n - ESTANC DE BENLLOC","isPartOf":{"@id":"https:\/\/ebenlloc1.es\/#website"},"datePublished":"2022-11-15T07:44:56+00:00","dateModified":"2025-04-10T10:42:04+00:00","description":"Ubicaci\u00f3n de ESTANC DE BENLLOC en DIRECCION PLAZA SAN ANTONIO, 21CP 12181 BENLLOC (CASTELL\u00d3N) y con TEL\u00c9FONO +34 691174478","breadcrumb":{"@id":"https:\/\/ebenlloc1.es\/index.php\/ubicacion\/#breadcrumb"},"inLanguage":"es","potentialAction":[{"@type":"ReadAction","target":["https:\/\/ebenlloc1.es\/index.php\/ubicacion\/"]}]},{"@type":"BreadcrumbList","@id":"https:\/\/ebenlloc1.es\/index.php\/ubicacion\/#breadcrumb","itemListElement":[{"@type":"ListItem","position":1,"name":"Portada","item":"https:\/\/ebenlloc1.es\/"},{"@type":"ListItem","position":2,"name":"Ubicaci\u00f3n"}]},{"@type":"WebSite","@id":"https:\/\/ebenlloc1.es\/#website","url":"https:\/\/ebenlloc1.es\/","name":"ESTANC DE BENLLOC","description":"Estanc de Benlloc es un estanco con una amplia variedad de productos","publisher":{"@id":"https:\/\/ebenlloc1.es\/#organization"},"potentialAction":[{"@type":"SearchAction","target":{"@type":"EntryPoint","urlTemplate":"https:\/\/ebenlloc1.es\/?s={search_term_string}"},"query-input":"required name=search_term_string"}],"inLanguage":"es"},{"@type":"Organization","@id":"https:\/\/ebenlloc1.es\/#organization","name":"ESTANC DE BENLLOC","url":"https:\/\/ebenlloc1.es\/","logo":{"@type":"ImageObject","inLanguage":"es","@id":"https:\/\/ebenlloc1.es\/#\/schema\/logo\/image\/","url":"https:\/\/ebenlloc1.es\/wp-content\/uploads\/sites\/57\/2025\/04\/logo-recortar.png","contentUrl":"https:\/\/ebenlloc1.es\/wp-content\/uploads\/sites\/57\/2025\/04\/logo-recortar.png","width":200,"height":200,"caption":"ESTANC DE BENLLOC"},"image":{"@id":"https:\/\/ebenlloc1.es\/#\/schema\/logo\/image\/"},"sameAs":["https:\/\/www.instagram.com\/ebenlloc1\/"]}]}},"_links":{"self":[{"href":"https:\/\/ebenlloc1.es\/index.php\/wp-json\/wp\/v2\/pages\/26"}],"collection":[{"href":"https:\/\/ebenlloc1.es\/index.php\/wp-json\/wp\/v2\/pages"}],"about":[{"href":"https:\/\/ebenlloc1.es\/index.php\/wp-json\/wp\/v2\/types\/page"}],"author":[{"embeddable":true,"href":"https:\/\/ebenlloc1.es\/index.php\/wp-json\/wp\/v2\/users\/2"}],"replies":[{"embeddable":true,"href":"https:\/\/ebenlloc1.es\/index.php\/wp-json\/wp\/v2\/comments?post=26"}],"version-history":[{"count":19,"href":"https:\/\/ebenlloc1.es\/index.php\/wp-json\/wp\/v2\/pages\/26\/revisions"}],"predecessor-version":[{"id":703,"href":"https:\/\/ebenlloc1.es\/index.php\/wp-json\/wp\/v2\/pages\/26\/revisions\/703"}],"wp:attachment":[{"href":"https:\/\/ebenlloc1.es\/index.php\/wp-json\/wp\/v2\/media?parent=26"}],"curies":[{"name":"wp","href":"https:\/\/api.w.org\/{rel}","templated":true}]}}